8
Let k(q) = 10*q**2 + 55*q - 4911. Give k(-25).
-36
Let v(n) = -56*n**2 + 3420*n + 74328. Determine v(-17).
4
Let a(m) = 199*m**2 - 173*m - 168. What is a(-1)?
204
Let h(z) = -226*z - 6802. Calculate h(-30).
-22
Let l(i) = -3*i**2 + 913*i + 11066. What is l(316)?
6
Let x(a) = -3*a**2 + 17399*a + 209215. Give x(-12).
-5
Let y(k) = 91*k**3 + 4*k**2 + 11*k + 6. Calculate y(-1).
-92
Let r(d) = 133100*d + 11579695. Determine r(-87).
-5
Let c(f) = -f**2 + 21*f + 21603. What is c(158)?
-43
Let r(f) = -346*f + 6325. Determine r(17).
443
Let b(i) = i**3 + 31*i**2 + 71*i - 217. What is b(-28)?
147
Let a(x) = -2135517*x + 14948622. Give a(7).
3
Let l(x) = x**3 + 43*x**2 + 228*x + 1371. Calculate l(-38).
-73
Let d(x) = 96*x**2 - 2*x + 10. Give d(2).
390
Let f(d) = 15*d**2 + 9*d + 132. Determine f(5).
552
Let d(c) = 2*c**2 - 315*c + 6422. Calculate d(21).
689
Let o(x) = 67*x**3 - 40*x**2 + 26*x - 91. Calculate o(3).
1436
Let m(g) = -12*g**2 + 1307*g - 3732. Determine m(106).
-22
Let z(r) = -6*r**2 + 1560*r - 31408. Determine z(22).
8
Let l(g) = -2309*g**3 - 69271*g**2 - 23*g + 208. What is l(-30)?
-2
Let l(a) = 587868*a + 1175744. Determine l(-2).
8
Let k(i) = 559*i**2 - 6196*i + 110. Give k(11).
-407
Let i(r) = -28*r**2 - 533*r - 1350. What is i(-16)?
10
Let o(t) = -2*t**3 - 135*t**2 + 123*t + 29111. Determine o(-65).
-9
Let n(u) = -5006*u + 225637. Give n(45).
367
Let j(i) = i**2 - 138*i + 944. Give j(7).
27
Let x(z) = z**3 - 26*z**2 + 110*z + 193. What is x(24)?
1681
Let y(b) = -4*b**2 - 533*b - 852. What is y(-132)?
-192
Let a(x) = 4795*x + 95893. Give a(-20).
-7
Let u(t) = 2*t**3 + 196*t**2 - 232*t - 2413. What is u(-99)?
953
Let b(w) = -w**3 + 263*w**2 - 17270*w + 2514. Determine b(125).
14
Let n(u) = 3*u**3 - 2274*u**2 - 9216*u + 54863. What is n(762)?
-1
Let c(f) = -282*f**3 - 6*f**2 - 2*f + 6. Determine c(1).
-284
Let v(d) = -924*d**2 + 75771*d - 243. Determine v(82).
3
Let g(d) = 6*d**3 + 942*d**2 - 4*d - 543. Give g(-157).
85
Let f(u) = -109*u**3 - 3*u**2 - 336*u + 677. What is f(2)?
-879
Let w(k) = -29*k**2 - 125*k + 9. Determine w(-4).
45
Let c(f) = f**3 + 39*f**2 + 105*f + 3063. What is c(-40)?
-2737
Let b(n) = 4*n**3 - 693*n**2 + 2089*n - 69. Give b(3).
69
Let b(m) = 528*m - 19754. What is b(29)?
-4442
Let o(u) = -3*u**2 - 4540*u - 54065. What is o(-12)?
-17
Let j(k) = -13*k**2 + 78314*k + 78313. Give j(-1).
-14
Let a(k) = -3*k**3 - 2*k**2 + 22*k + 1337. Determine a(0).
1337
Let q(y) = -1497*y - 86967. Determine q(-58).
-141
Let m(d) = -421*d + 35999. Determine m(89).
-1470
Let v(l) = -43060*l - 2023870. Calculate v(-47).
-50
Let p(q) = -q**2 + 5650*q + 113221. Determine p(-20).
-179
Let m(j) = 5*j**3 + 881*j**2 + 1050*j + 26. Determine m(-175).
26
Let c(o) = o**2 - 294*o + 21551. Give c(154).
-9
Let u(n) = -699*n - 49721. Determine u(-71).
-92
Let l(f) = 10*f**3 - 3372*f**2 + 789*f - 38754. Calculate l(337).
1
Let o(z) = 138*z**2 + 5238*z - 221. Calculate o(-38).
7
Let w(r) = 8*r**2 - 5073*r + 194464. Calculate w(41).
-81
Let z(j) = 12*j**2 + 3060*j - 3067. Calculate z(-256).
5
Let c(d) = 2348*d + 2409. Calculate c(-1).
61
Let y(j) = j**2 + 965*j + 17025. Calculate y(-18).
-21
Let l(r) = 2*r**3 + 43*r**2 + 308*r + 769. What is l(-10)?
-11
Let d(w) = 9*w**2 + 3140*w + 12495. Give d(-4).
79
Let c(k) = k**3 - 6*k**2 - 360*k + 16. What is c(22)?
-160
Let f(z) = 13*z**2 - 581*z + 439. What is f(42)?
-1031
Let r(l) = l**3 + 20*l**2 - 193*l - 960. Calculate r(-26).
2
Let x(w) = 12*w**3 + 12*w**2 - 472*w - 2328. Calculate x(-5).
-1168
Let t(h) = -64*h**2 - 11780*h - 424. Determine t(-184).
312
Let v(t) = -t**3 - 53*t**2 + 3103*t + 164475. Determine v(-53).
16
Let y(i) = i**2 + 17996*i - 13. Give y(0).
-13
Let t(u) = 832*u + 13578. Calculate t(-16).
266
Let c(q) = 20919*q - 20905. What is c(1)?
14
Let w(t) = 62*t - 4663. What is w(101)?
1599
Let i(q) = -88583*q - 885876. Determine i(-10).
-46
Let i(o) = -513*o + 19603. Give i(32).
3187
Let r(k) = -2467*k + 2329. Determine r(1).
-138
Let r(o) = -567*o - 36810. Calculate r(-65).
45
Let k(c) = -c**3 - 454*c**2 + 9992*c - 339. What is k(21)?
18
Let r(z) = 2459*z - 150002. Give r(61).
-3
Let s(u) = -67109*u - 201390. What is s(-3)?
-63
Let t(y) = 30*y**2 - 446*y - 44. Give t(14).
-408
Let y(k) = k**3 - 307*k**2 + 302*k + 1190. Give y(306).
-34
Let w(q) = -1198*q + 28966. Calculate w(26).
-2182
Let s(d) = 20537*d + 205336. Determine s(-10).
-34
Let x(b) = -46*b**2 - 8705*b - 8711. Give x(-1).
-52
Let l(g) = -57*g**2 - 19037*g + 344. Determine l(-334).
10
Let v(i) = -22*i**2 - 11386*i + 734395. Give v(58).
-1
Let d(h) = 1970*h - 122258. Give d(62).
-118
Let z(l) = 61366*l - 3313781. What is z(54)?
-17
Let m(v) = 7107*v + 2110780. Determine m(-297).
1
Let r(u) = 16*u**3 - 14*u**2 - 94*u + 156. Calculate r(-7).
-5360
Let m(k) = -k**3 + 4*k**2 + 51743*k - 310391. Give m(6).
-5
Let q(n) = 2*n**3 - 19*n**2 - 20*n + 90. What is q(10)?
-10
Let h(i) = -10705*i - 192967. Determine h(-18).
-277
Let k(i) = 2*i**2 - 1108*i + 52074. Give k(502).
-134
Let i(u) = -3*u**2 - 14417*u - 186897. What is i(-13)?
17
Let m(c) = -c**3 + 35*c**2 - 102*c + 64. Give m(32).
-128
Let u(t) = -31034*t - 4065462. What is u(-131)?
-8
Let o(g) = -589*g**2 - 17087*g - 192. What is o(-29)?
-18
Let d(z) = z**2 - 85179*z - 3749819. Give d(-44).
-7
Let q(s) = 27*s**2 + 11901*s - 2562. Give q(-441).
84
Let o(h) = 1560*h + 177858. Give o(-114).
18
Let y(s) = s**3 - 45*s**2 + 177*s - 5471. What is y(44)?
381
Let g(k) = -k**3 + 40*k**2 - 744*k + 34862. Calculate g(42).
86
Let i(c) = -c**3 + 100*c**2 + 104*c - 163. Give i(101).
140
Let v(y) = -y**3 - 5*y**2 + 2541*y - 161. Give v(-53).
-2
Let c(d) = 3*d**3 - 214*d**2 - 198*d - 12200. Give c(73).
-9
Let k(u) = -4*u**2 - 898*u + 109931. Determine k(88).
-69
Let o(z) = -2*z**2 + 166*z - 1039. Give o(76).
25
Let d(k) = 154*k - 7531. Give d(51).
323
Let n(p) = p**3 - 16*p**2 + 57*p - 379. Calculate n(16).
533
Let h(f) = f**3 + 20*f**2 - 143*f - 444. Give h(9).
618
Let p(d) = -5*d**3 - 41*d**2 + 98*d - 54. Calculate p(-11).
562
Let r(d) = 35323*d - 211951. What is r(6)?
-13
Let d(s) = -s**3 + 3*s**2 - 88*s + 393. Calculate d(12).
-1959
Let r(d) = 3*d**2 - 169*d + 2307. What is r(26)?
-59
Let t(s) = -629*s**2 + 4991*s + 8. Give t(8).
-320
Let p(x) = -6256*x - 287780. What is p(-46)?
-4
Let o(s) = s**3 - 159*s**2 + 480*s - 1755. What is o(156)?
117
Let z(t) = 957*t - 66996. Calculate z(70).
-6
Let r(x) = 15205*x - 60896. What is r(4)?
-76
Let q(t) = -19817*t - 653860. Give q(-33).
101
Let f(l) = -111650*l + 1339795. Give f(12).
-5
Let s(j) = -j**3 - 4*j**2 - 15*j + 165. Determine s(4).
-23
Let u(w) = -63*w**2 - 316*w - 2. Give u(-4).
254
Let v(a) = a**3 + 3*a**2 - 68*a - 305. Calculate v(-6).
-5
Let v(g) = -42*g**2 + 567*g - 2281. What is v(4)?
-685
Let c(i) = 28355*i - 538749. Determine c(19).
-4
Let c(x) = 28*x**2 - 204*x - 154. Determine c(8).
6
Let a(n) = -2*n**3 + 240*n**2 + 9*n - 475. Give a(120).
605
Let u(j) = -j**3 + 148*j**2 - 137*j - 508. Determine u(147).
962
Let p(g) = -g**3 + 99*g**2 + 73*g - 16759. What is p(98)?
-1
Let s(m) = 2*m**3 + 63*m**2 + 21*m + 58. Give s(-31).
368
Let x(a) = -132*a**3 + 1188*a**2 - 15*a + 132. What is x(9)?
-3
Let m(o) = -72*o - 967. Calculate m(-12).
-103
Let p(r) = 59653*r + 357798. Calculate p(-6).
-120
Let c(f) = 2236*f**2 - 20138*f + 102. Calculate c(9).
-24
Let v(u) = -4*u**3 + 28*u**2 - 13*u - 109. Calculate v(10).
-1439
Let c(q) = 998*q**2 + 41013*q + 3900. Calculate c(-41).
5
Let v(s) = -13*s**2 + 3252*s - 214. Give v(249).
3521
Let a(g) = -2*g**3 - 2*g**2 - 47*g + 1265. Determine a(7).
152
Let l(v) = -v**2 - 36178*v + 6398307. Determine l(176).
3
Let c(a) = 104*a**3 - 12993*a**2 - 872*a - 367. Calculate c(125).
8
Let j(g) = 42*g**2 + 137*g - 19. Give j(-3).
-52
Let n(m) = -140*m - 3010. Calculate n(-18).
-490
Let c(t) = -5*t**2 + 357*t - 6133. Determine c(42).
41
Let w(s) = -182*s + 576. Give w(5).
-334
Let d(m) = 224*m**2 - 4404*m + 2809. Determine d(19).
-3
Let m(g) = 21*g**2 - 1102*g - 511. Determine m(53).
72
Let s(a) = a**3 - 48*a**2 - 987*a + 35816. Calculate s(54).
14
Let x(q) = 3*q**2 - 24369*q - 219571. Calculate x(-9).
-7
Let g(i) = -i**3 + 50*i**2 - 560*i - 1412. What is g(23)?
-9
Let m(t) = -189*t - 40026. What is m(-212)?
42
Let i(f) = -1